e remainder when 9 is divided by 5/i*(-6 - -3)?
4
Let f be -4*((-42)/8 + 3). Let a = f - 6. Suppose 0 = -c + 7 - a. Calculate the remainder when 6 is divided by c.
2
Let t(v) = -6*v**3 + 3*v**2 + 4*v + 3. Suppose 0*r = 4*r + 8. Let u be t(r). Suppose -7*o + u = -2*o. Calculate the remainder when 32 is divided by o.
10
Let u = 30 + -21. What is the remainder when u is divided by 7?
2
Let m(j) = 37*j - 1. Let u be m(1). Suppose -2 = -r + u. What is the remainder when r is divided by 13?
12
Suppose 3*s = -0*s. Suppose 5 = p, x - 4*p = -s*x - 7. Calculate the remainder when 37 is divided by x.
11
Let c = 8 - 4. What is the remainder when 8 is divided by c?
0
Let i(q) = 2*q**2 - 3*q + 4. Suppose -5*k - d = 193, -2*d = k + 1 + 34. What is the remainder when i(4) is divided by 1/(((-6)/k)/2)?
11
Let r(i) = 0*i**3 - 8*i + 9*i**2 + 4 - i**3 + 0*i**2. Let k be r(8). Suppose -h + 5*s = s - 13, -5 = -h - k*s. Calculate the remainder when 16 is divided by h.
7
Let g be (28 - -5)*(-2 + -1). What is the remainder when 21 is divided by (-18)/g + (-119)/(-11)?
10
Suppose 2*s - 2*j + 6*j - 30 = 0, -4*s = -3*j - 38. Let n = 17 - s. Calculate the remainder when ((-54)/(-4))/(3/n) is divided by 15.
12
Let k(b) = 4*b**2 + 2*b - 3. Let l = 36 - 24. Suppose 0 = 2*p - 6*p + l. What is the remainder when k(p) is divided by 14?
11
Suppose 64 - 16 = h. Calculate the remainder when h is divided by (-110)/(-6) - (-16)/(-12).
14
What is the remainder when 16 is divided by 18/3*(0 + 1)?
4
Let g(f) = -f**3 - 13*f**2 + 4. Let y be g(-13). Suppose 0 = -4*v - 3*i + 20, y*i = -v - v + 20. Calculate the remainder when v is divided by 2.
0
Let f(o) = o + 3. Let t be f(7). Let d = 28 - t. Calculate the remainder when 52 is divided by d.
16
Suppose 7*h = 4*d + 3*h - 44, -3*h = 4*d - 16. Let l = 9 + -5. What is the remainder when d is divided by l?
3
Let t(k) = 10*k - 82. What is the remainder when t(14) is divided by 23?
12
Let n = 41 + -16. What is the remainder when 98 is divided by n?
23
Suppose 0 = 5*f - 2*f - 48. What is the remainder when 46 is divided by f?
14
Let j(z) = -z - 1. Let q be j(0). Calculate the remainder when 30 is divided by ((-3)/q + -1)*8.
14
Suppose -5*x + 1 = -9. Let f be (3/x)/(9/(-12)). Calculate the remainder when f/(0 + (-1)/11) is divided by 12.
10
Let p = 46 - 25. Calculate the remainder when p is divided by 11.
10
Let h(r) = 2*r + 18. Calculate the remainder when 88 is divided by h(6).
28
Let l be -3 + (0 + 25 - 2). Suppose -4*p = -2*g + 24, 3*p - 79 - l = -5*g. Calculate the remainder when -53*(2 - (3 - 0)) is divided by g.
17
What is the remainder when (1/(-5)*2)/(6/(-4470)) is divided by 25?
23
Let g = -5 + 9. Suppose -73 - 35 = -g*k + 5*m, k + 4*m - 48 = 0. Calculate the remainder when k is divided by 11.
10
Let c = -5 + 5. Suppose b - 2*y + 9 = c, b = 2*y + 3*y - 15. What is the remainder when 21*1 - (b + 3) is divided by 12?
11
Let o = 85 - 55. Suppose -q - 4*q = 5*n + 5, -5*q + o = -2*n. Suppose -6*l = -8*l + 14. What is the remainder when l is divided by q?
3
Suppose 3*s - 15 = -m, 3*s - 2*m - 2*m = 0. Calculate the remainder when 4 is divided by s.
0
Suppose 107 = 4*a - 3*z, 2*z = a - z - 29. What is the remainder when a is divided by 7?
5
Let m be (2 - 1)/((-5)/(-585)). Suppose 0*j = 3*j - m. Calculate the remainder when j is divided by 10.
9
Let a be ((-4)/(-6))/((-14)/189). Calculate the remainder when 29 is divided by -3*(4 + 84/a).
13
Let h(c) = -12*c. Let i be h(-1). Suppose 4*m + 0*m = i. Suppose -r - m*r = -16. Calculate the remainder when 10 is divided by r.
2
Let i(f) = 2*f**3 + f + 0*f**3 + f - 3*f**3 + 2. Let g be i(-2). Let q = 17 - g. Calculate the remainder when 32 is divided by q.
10
Suppose 0 = k + 2, 5*k + 18 = 4*f + 2*k. Suppose 2*m - 15 = f. Suppose 0 = -5*s + 26 + m. Calculate the remainder when 19 is divided by s.
5
Let t(v) = -17*v + 9. Calculate the remainder when t(-5) is divided by 32.
30
Let m = 7 + 11. Let o = 28 - m. Calculate the remainder when 18 is divided by o.
8
Suppose 3*o = -2*o + 20. Suppose -6*r + o*r - 52 = 0. Let j = 43 + r. What is the remainder when j is divided by 9?
8
Suppose -5*v + 43 = -x, 0 = -x + 2. What is the remainder when v is divided by 4?
1
Suppose 2*a + 4*p - 38 = 0, 25 = a + 3*p + 3. Calculate the remainder when 25 is divided by a.
12
Suppose -36 = -4*y + 4*o, 12 = y + y - 4*o. Calculate the remainder when y is divided by 7.
5
What is the remainder when 96 is divided by (12/(-10))/(4/(-110))?
30
Let c(f) be the second derivative of 2*f - f**2 + 0 - 3/2*f**3. What is the remainder when c(-4) is divided by 12?
10
Suppose -4*f + 91 = -2*v - 3*v, 5*v + 72 = 3*f. Suppose -2*i = i - 69. Let z = i + -13. What is the remainder when f is divided by z?
9
Let j(h) = 40*h - 2. Calculate the remainder when j(1) is divided by 13.
12
Let s = -28 - -54. What is the remainder when s is divided by 6?
2
Let b(y) = -y**3 - 7*y**2 - y - 3. Let x be b(-7). Suppose -39 = -x*f + 9. What is the remainder when f is divided by 3 + -1 - (-2 - 3)?
5
Suppose -c = -4*y + 10, y = -4*c + 2*y + 20. What is the remainder when 27 is divided by c?
3
Let t = 1 + 3. Calculate the remainder when 12 is divided by t.
0
Suppose 0 = -5*q - 3*l + 8*l - 45, -2*q = -3*l + 21. Let r = -6 - q. Suppose -5*h + r*h + 125 = 0. What is the remainder when h is divided by 9?
7
Suppose 5*p + 0*p + 15 = 5*s, -2*p - 2 = 0. Calculate the remainder when 42 is divided by 26/1 - 2 - s.
20
Suppose 3*z + 54 = 3*j, 0 = 4*z - 20 + 4. Let u be (-30)/9*(-3)/(-2). Let l(g) = -3*g - 3. What is the remainder when j is divided by l(u)?
10
Suppose a + 33 = 4*j + 8, 5*j - 3*a = 40. Calculate the remainder when 11 is divided by j.
1
Suppose -2*k = -0*k + 8. Let a(x) = -x**3 - 2*x**2 + 4*x + 1. Let u be a(-3). What is the remainder when 6/k*u*4 is divided by 7?
5
Suppose -2*p = 3*p - 5*z - 230, -p + 52 = -4*z. What is the remainder when p is divided by 12?
8
Suppose s + 42 = 4*s - 4*p, 3*p + 70 = 5*s. Suppose -2*h + 2 = 8. Calculate the remainder when s is divided by (-9)/6*16/h.
6
Calculate the remainder when 4/22 + (-2236)/(-44) is divided by 14.
9
Let j = -30 - -50. Calculate the remainder when 4/(-14) + (-5304)/(-91) is divided by j.
18
Suppose -5*u = 3*g + 19 - 5, -4*g = u - 4. Suppose 5*l - 21 = -d, 2*l + 0*l - 8 = 0. Calculate the remainder when g is divided by d.
0
Suppose 20 = -9*l + 326. Calculate the remainder when 66 is divided by l.
32
Let x(j) = j**2 + 3*j + 1. Let w(l) = -l + 10. Let k be w(7). What is the remainder when x(k) is divided by 7?
5
Suppose -2*q - q = -135. Suppose 0 = -0*n + 5*n - q. What is the remainder when 15 is divided by n?
6
Let f = -7 - -21. What is the remainder when 39 is divided by f?
11
Suppose 5*o + 3*t - 39 - 43 = 0, 0 = -4*o + 2*t + 48. What is the remainder when 52 is divided by o?
10
Let x = 1 - 1. Suppose x = 3*f - 5*f + 6. Suppose 5*d - 18 = -f*g, 7*g - 2*d + 2 = 3*g. What is the remainder when g is divided by 1?
0
Let c(s) = s**3 - s**2 - 5*s + 1. Let a be c(4). Let u = -15 + a. Calculate the remainder when 41 is divided by u.
13
Suppose -j - 3*j - 17 = 3*c, c + 13 = -5*j. Let p = j + 5. Calculate the remainder when p is divided by 3.
0
Suppose 84 = 5*r - 3*r. Let s = r + 2. Calculate the remainder when s is divided by 2/(-5) - (-924)/60.
14
Let l = -4 + 7. Suppose -2*m + 53 = l*m + 2*d, 0 = -m + 2*d + 1. Suppose -2*h + 21 - m = 0. What is the remainder when 17 is divided by h?
5
What is the remainder when 46 is divided by (3/6)/(6/192)?
14
Let n = 98 - 91. Calculate the remainder when 75 is divided by n.
5
Let j(w) = -w**3 + w**2 + 3*w - 1. Let g be j(2). Calculate the remainder when g - (2 + -1 + -14) is divided by (5/4)/(2/8).
4
Let a be 0 + (2 - (-4)/(-2)). Suppose a = -4*f + 4 + 4. What is the remainder when 4 is divided by f?
0
Let w = -3 + 5. Suppose 4*i = w*p + 265 - 83, -2*p = -i + 41. Let v = 22 - 6. Calculate the remainder when i is divided by v.
15
Let r = -53 - -79. Suppose 2*w = 4*v - 36, -v - 4*w - 9 = -0*w. What is the remainder when r is divided by v?
5
Let b be 6/9*(-12)/1. Let l = b + 15. Calculate the remainder when 20 is divided by l.
6
Let x = 18 + -3. Suppose -2*s = 2, -z + 4*s + 187 = 2*z. Let u = -19 + z. What is the remainder when u is divided by x?
12
Suppose 0 = -z - z + 124. What is 